4066 (base 8) to base 13.
-a5263
1c41e (base 16) to base 13
408b3
What is 1c280f (base 16) in base 5?
433022023
What is 3244464 (base 7) in base 4?
1201013103
24da10 (base 14) to base 2
100110101010100001110
12200120020211 (base 3) to base 4
23201330122
What is 223331013 (base 4) in base 9?
303863
-33455435 (base 7) to base 2
-1011000101001010101010
Convert 2133201200 (base 4) to base 5.
131402113
Convert 3eb72 (base 15) to base 5.
22423312
What is 2b678 (base 15) in base 3?
21002211012
2012222011020 (base 3) to base 7
13014204
What is -6437b3 (base 13) in base 16?
-23db62
-3213004 (base 5) to base 12
-273a9
Convert 3742786 (base 9) to base 5.
1010123023
100821 (base 9) to base 13
21247
Convert -8598a1 (base 11) to base 5.
-322442141
What is 11332320020 (base 4) in base 8?
5767010
Convert -1b0354b (base 13) to base 16.
-881603
Convert -167595 (base 15) to base 16.
-109a0f
278b6 (base 13) to base 3
10202111211
Convert 12213223212 (base 4) to base 13.
489b82
Convert -6425636 (base 9) to base 14.
-6585c4
-88506 (base 13) to base 4
-330102003
What is -2e500 (base 16) in base 11?
-11a581
What is 340021555 (base 6) in base 11?
3529349
Convert 4062200 (base 7) to base 6.
14225002
What is 10857209 (base 10) in base 6?
1024412505
-5e4848 (base 16) to base 14
-b6bad2
What is -17345427 (base 8) in base 14?
-775b95
-880ac (base 14) to base 2
-1010000011011011000
-130400204 (base 5) to base 6
-21355350
2501a0 (base 14) to base 2
100110101100101100000
19580 (base 12) to base 15
aed9
Convert 1436560 (base 7) to base 4.
233131321
-162404 (base 11) to base 7
-2066555
Convert -11741372 (base 9) to base 6.
-323203402
5327ba (base 15) to base 4
33012020002
What is -11110100101011010110 (base 2) in base 12?
-403b86
Convert 4c1ea4 (base 15) to base 9.
6775141
Convert 10011111111100 (base 2) to base 7.
41562
Convert -10507b7 (base 12) to base 4.
-23302211323
-1042454 (base 7) to base 8
-372256
38d64 (base 15) to base 2
101100011010000110
What is -1b1ddd1 (base 14) in base 2?
-110011100101010111110011
45038 (base 11) to base 7
361156
Convert 2311600 (base 8) to base 3.
1011212212212
What is 11001100010111101000011 (base 2) in base 3?
110121020020120
What is 1a7448 (base 13) in base 3?
1021012012121
Convert 56660 (base 15) to base 13.
98118
-31102323302 (base 4) to base 13
-9505a9
What is 11a487 (base 11) in base 9?
318045
169444a (base 11) to base 3
12102002102221
What is 3524353 (base 6) in base 13?
65073
1143221 (base 6) to base 8
165675
741317 (base 10) to base 12
2b9005
What is 1b691a (base 13) in base 14?
143258
Convert 1153232123 (base 6) to base 10.
13316883
49782 (base 13) to base 7
1102323
Convert -1405250 (base 6) to base 5.
-10011232
What is -22002221111012 (base 3) in base 13?
-b7b6b1
Convert 2802436 (base 9) to base 12.
621629
Convert -1011021101000 (base 3) to base 6.
-21105430
What is -12aab (base 13) in base 9?
-52641
8827398 (base 10) to base 6
513111330
-25217745 (base 8) to base 10
-5578725
What is 100010001100100011 (base 2) in base 4?
202030203
52728 (base 10) to base 4
30313320
52430000 (base 6) to base 5
342343414
What is -21a827a (base 11) in base 15?
-514275
Convert -632c5 (base 13) to base 12.
-87334
Convert -11633336 (base 7) to base 8.
-4003510
What is -31203666 (base 8) in base 15?
-8abc25
14443563 (base 8) to base 16
324773
What is 145418 (base 10) in base 9?
241425
What is 8b5aca (base 13) in base 6?
154401312
What is -2234026 (base 8) in base 12?
-251786
Convert -1534022 (base 6) to base 13.
-32144
What is -82048 (base 10) in base 5?
-10111143
-b27fe (base 16) to base 2
-10110010011111111110
39d86 (base 16) to base 14
624bc
Convert -94bc02 (base 15) to base 4.
-122333231132
What is 6716855 (base 9) in base 7?
42500225
What is -57055475 (base 8) in base 9?
-25203854
-250a610 (base 11) to base 3
-22012122010021
What is -118231 (base 10) in base 13?
-41a79
Convert -9aa791 (base 13) to base 10.
-3650518
What is 1863766 (base 10) in base 8?
7070126
Convert c14f0 (base 16) to base 8.
3012360
What is -a589a (base 12) in base 9?
-361031
Convert -535656 (base 7) to base 14.
-25dd6
What is 243861 (base 14) in base 5?
304123242
16977 (base 12) to base 2
111111011101011
Convert 23b27 (base 14) to base 4.
111103113
2020020102 (base 3) to base 10
43913
-453127 (base 11) to base 9
-1318704
Convert -42290 (base 13) to base 12.
-58b05
-5245414 (base 7) to base 13
-1923ac
Convert 128237 (base 10) to base 9.
214815
c7ca0 (base 13) to base 10
360269
Convert -8471120 (base 9) to base 6.
-241104543
Convert 3340522 (base 6) to base 11.
105800
Convert 2798b (base 13) to base 5.
4333022
What is 100101010110110000011 (base 2) in base 8?
4526603
What is -73ba2 (base 14) in base 16?
-44392
What is -6b69e6 (base 15) in base 5?
-2303314431
-23ec7 (base 16) to base 12
-7119b
-345225 (base 7) to base 10
-61857
61743517 (base 8) to base 15
12394ac
What is -1225505 (base 6) in base 16?
-10211
What is -26b5883 (base 12) in base 11?
-439137a
What is -48051d (base 14) in base 12?
-9a7493
-324410314 (base 5) to base 3
-2122022200212
Convert 1001000010001111110 (base 2) to base 4.
1020101332
What is -41662800 (base 9) in base 4?
-1030201033023
What is -169c43 (base 13) in base 2?
-10001001110100100011
What is b7c89 (base 13) in base 9?
554885
What is -5883561 (base 9) in base 13?
-876775
What is a27 (base 12) in base 7?
4201
Convert -1012102201110 (base 3) to base 8.
-2336700
What is 32310230131 (base 4) in base 16?
3b4b1d
What is 460636 (base 9) in base 5?
32313311
What is -1121100220 (base 3) in base 10?
-31614
Convert -4b85016 (base 12) to base 11.
-8427292
Convert -fdc9 (base 16) to base 8.
-176711
Convert 1010031003 (base 4) to base 16.
44343
-4d30c1 (base 14) to base 3
-12000002121101
Convert -11000011001101010 (base 2) to base 8.
-303152
Convert 92227 (base 13) to base 3.
111022010211
What is -2991394 (base 11) in base 15?
-6b3cd2
668e62 (base 15) to base 10
4890242
Convert -1110111011100111000 (base 2) to base 14.
-ca440
Convert -100010111002222 (base 3) to base 11.
-2814073
What is 144503323 (base 6) in base 14?
58a8cb
What is -1011000111010101111 (base 2) in base 16?
-58eaf
What is -3144424 (base 5) in base 13?
-1b239
-2addb4 (base 14) to base 13
-405c01
What is 3130012132 (base 4) in base 12?
37587a
What is 16a14 (base 11) in base 6?
302232
What is -135b2 (base 12) in base 15?
-7dee
What is -1486104 (base 10) in base 9?
-2714486
Convert -76a8789 (base 11) to base 6.
-1201520455
What is 3122523 (base 12) in base 13?
1bbc538
What is -bda86 (base 16) in base 13?
-21278a
What is 8d1ef (base 16) in base 15?
b6406
Convert -49714 (base 11) to base 5.
-4241110
What is -10143120 (base 7) in base 9?
-1536366
Convert -74d9c4 (base 15) to base 14.
-a4bab7
130001012 (base 4) to base 5
12133013
What is 2d03b (base 14) in base 2?
11011011110101101
Convert 31353 (base 12) to base 10.
64431
Convert 21430010 (base 5) to base 3.
100110111100
What is 1a1943 (base 11) in base 10?
309928
What is 42302124 (base 5) in base 3?
122221210102
Convert -110100111010001001 (base 2) to base 7.
-1561550
Convert 1111111101101101011 (base 2) to base 9.
876518
What is -410013 (base 7) in base 9?
-115466
What is -40030410 (base 5) in base 6?
-10423532
What is dc2c5 (base 16) in base 5?
212324304
What is -2121221110 (base 3) in base 15?
-104cc
What is -defa7a (base 16) in base 13?
-3048519
Convert 220123201 (base 4) to base 2.
101000011011100001
11221201010022 (base 3) to base 4
22002201203
Convert -cc5589 (base 14) to base 4.
-122123310211
11000110100100001100 (base 2) to base 12
332810
-336621 (base 8) to base 2
-11011110110010001
Convert -257716 (base 9) to base 8.
-461654
What is 93a62 (base 11) in base 3?
20221222120
a87021 (base 13) to base 14
74ddc4
Convert 132165505 (base 7) to base 16.
81c262
What is -890299 (base 13) in base 7?
-36302443
What is -124517 (base 8) in base 15?
-cc98
What is -1cd89 (base 16) in base 2?
-11100110110001001
c1766 (base 13) to base 9
576802
-602f0d (base 16) to base 14
-ba12a1
3c064 (base 16) to base 14
65856
Convert 3b2360 (base 12) to base 2.
11101110111001111000
Convert 87231 (base 9) to base 6.
1123301
Convert -123a278 (base 11) to base 4.
-20031030313
-122011301313 (base 4) to base 14
-ca06d9
Convert 802309 (base 11) to base 7.
13656065
What is 21341414 (